- v) a composite number?
False
Suppose -4 = -2*p, 2*w + 3*p + 4150 - 55300 = 0. Suppose 4*v - 83872 = w. Is v prime?
True
Is -1 + (-3 - -1 - (-2 + -70520)) a prime number?
False
Let t = 78645 - 38368. Is t prime?
True
Let y = -921 - -14420. Is y a prime number?
True
Let i(x) = -x - 1. Let k(y) = 8*y**3 - 7*y**2 - 3*y. Let c(z) = 4*i(z) + k(z). Let j be c(-5). Let h = 2097 + j. Is h a composite number?
False
Let d be (-51)/(1 - (-42)/(-49)). Is (-1)/(-2)*(1 - d) composite?
False
Suppose -72133 = -4*j + 338759. Suppose 45*u - j = 116022. Is u a composite number?
False
Let m = 68 + -30. Suppose 6*i - m = -8. Suppose -633 = -i*d + 422. Is d a composite number?
False
Let z(c) = c**2 - 7*c - 24. Let u be z(10). Suppose -v = u*v + 56. Is v/20 - (-4814)/10 composite?
True
Suppose -605*s = -611*s - 30. Is (-61)/305 + (-7586)/s prime?
False
Let g = -197 + 192. Is (-1044)/g - (-2 + (-27)/(-15)) a composite number?
True
Let d(x) = 93*x**2 + 105*x + 409. Is d(-4) prime?
False
Let i(z) = 8*z**3 - 15*z**2 - 7*z + 13. Let u be (-6)/(-1) - (-13)/13. Is i(u) a prime number?
True
Let a(s) = -s**2 - 2*s - 2. Let x be a(5). Let t = -33 - x. Suppose 0 = -2*y + 3*m + 5, 0 = -t*y + y - 5*m + 55. Is y a composite number?
True
Suppose 0 = 2*d - 2*j - 690528, -5*d + 11*j = 8*j - 1726310. Is d prime?
True
Suppose 0 = -0*q - 8*q + 46384. Suppose m = 3*m - q. Is m composite?
True
Suppose -3*b - 7*b = -9*b. Suppose 9*p - 31684 + 3478 = b. Is p prime?
False
Let y = 45 + -41. Suppose -3*z = -3, -y*k - 40235 = k + 5*z. Let f = -5715 - k. Is f prime?
True
Let v(t) = -7350*t + 1061. Is v(-12) prime?
True
Suppose -43 + 31 = -4*r. Suppose a + 4*a + 6270 = x, -6260 = -x + r*a. Is x prime?
False
Let w = -24 + 27. Suppose 0 = w*c, 36 = 4*s + c + 2*c. Suppose -s*k = -507 - 2364. Is k composite?
True
Suppose -105 = -16*j - 9. Suppose 2485 = j*b + 697. Is b a prime number?
False
Let j(l) = -l**2 - l - 8. Let g be j(0). Is -3943*(g + (0 - -7)) composite?
False
Suppose -3*x = 6*t - 1368066, -2*t + 456006 = 7*x - 2*x. Is t a composite number?
False
Let w be (-25)/(-10)*24/10. Let y(g) = 8*g**3 - 8*g - 6*g**3 + 17*g - 2*g**2 + 5. Is y(w) a prime number?
True
Let g(w) = -1 + 3457*w**2 - 2 - w + 4*w + 0. Let f(v) = v + 5. Let h be f(-4). Is g(h) a composite number?
False
Let w(f) = f + 29. Let a be w(-26). Let t(g) = 13*g**3 + 4*g**2 + g - 11. Is t(a) a composite number?
False
Is 11 - ((12 - 102027) + -15) composite?
True
Suppose p - 1161 - 2632 = 2*z, 4*z = 5*p - 18983. Is p a prime number?
False
Let o be 16/(-6)*(-15)/(-10). Suppose 16 = -3*l - 2*c - 0, -5*l = -2*c + 16. Is o/(-8) - 2362/l a prime number?
False
Suppose -13*s = -36*s + 66*s - 443459. Is s composite?
False
Let f(j) = -2636*j**3 + 21*j**2 + 107*j + 49. Is f(-6) a composite number?
True
Let g(b) = -b**2 - 14*b + 93. Let i be g(-18). Is i/49 - (-50296)/14 a prime number?
True
Is (-1 + 3 - (-22)/(-8))/((-75)/20587900) prime?
True
Let y = -15865 + 26954. Let p = y + -7770. Is p composite?
False
Is 14/6 - (-116898176)/1038 a composite number?
False
Suppose -1 - 15 = -8*w. Suppose 0 = -4*h - 3*b + 15, 3*b - 15 = -h + w*h. Suppose h = -5*x - 3*c + 620, 5*c = -4*x + 82 + 401. Is x a prime number?
True
Let p(x) = -x**3 + 39*x**2 + 55*x + 49. Let u be p(39). Let o = 4397 - u. Is o prime?
True
Suppose 58*k - 46307 = 103275. Is k a composite number?
False
Is 3458119/6 + (-213)/1278 composite?
True
Suppose 0*c = 7*c - 14. Suppose 67 = c*z - 5. Is (24/z)/(4/3678) a composite number?
False
Is (-3 - 4187498/140)*-10 a composite number?
False
Suppose 15 = -r + 8. Let w(k) = 0*k + 19 + 4*k**2 - 4*k - k**3 + 14*k - 3. Is w(r) a composite number?
True
Let n = -38264 + 72999. Is n composite?
True
Let t = 16750 - 807. Let a = t + -7536. Is a composite?
True
Let d be (-5)/30 + (-7)/(-42). Suppose 20*x - 24*x + 15452 = d. Is x composite?
False
Suppose 0 = 5*k + 7*k - 75516. Suppose t - 6139 = -j, -j - 158 + k = 2*t. Is j a composite number?
False
Suppose 5*g - 80098 - 159422 = -5*u, 191611 = 4*g + 3*u. Is g prime?
False
Let b = 66 - 62. Let k(h) = -11*h**2 - 2*h + 3. Let g be k(b). Is (g/3)/(-3 - (-130)/45) a prime number?
False
Suppose 27*x = 28*x - 44887. Let g = 69510 - x. Is g prime?
True
Suppose -23*y + 474611 + 963970 = 0. Is y a composite number?
True
Suppose -11*u + 1599504 = 34*u + 3*u. Is u a prime number?
False
Suppose 5*q - 20072 = 3*q. Suppose 3*y - 41 = q. Is y composite?
False
Let j(t) = -2*t + 201. Let p(m) = 3 - 2 - m**2 - 3*m - 3*m - 6. Let o be p(-5). Is j(o) composite?
True
Suppose 0 = 23*w - 19*w + 118800. Let j = w - -64303. Is j a prime number?
True
Let s(x) = -2*x - 36. Let r(o) = 7. Let w(v) = 22*r(v) + 4*s(v). Suppose 0 = -2*a - 5 + 1. Is w(a) a composite number?
True
Suppose -2*u = 4, -n - 1958 = -5*u + 1475. Suppose 2*r - 5*k + 3*k + 13500 = 0, 5*r + k + 33762 = 0. Let p = n - r. Is p composite?
True
Let q = 77743 - 51160. Is q composite?
True
Let j be (-3)/(-8) + 58/16 - -488. Suppose 0 = -5*n - 5, 3*n = 2*b - j - 1265. Is b a composite number?
False
Let m(f) = -86*f - 14. Let l(x) = 13*x + 1. Let y(d) = 3*l(d) + m(d). Let z be (12/15)/((-2)/15). Is y(z) a prime number?
True
Suppose -290952 = -7*i - 282316 + 1503609. Is i a prime number?
False
Let t = -185689 + 278130. Is t a prime number?
False
Let j be 49852/264 - ((-2)/12 + 1). Is 1/((-2)/(-8))*165346/j a prime number?
False
Let d(g) = 2*g**2 - 23*g - 1. Let q(b) = 17*b**2 + 4*b. Let z(x) = 17*x**2 + 4*x + 1. Let p(c) = -2*q(c) + 3*z(c). Let o be p(-1). Is d(o) composite?
True
Suppose -538779 - 68594 = -13*j. Suppose 11*m = 30*m - j. Is m composite?
False
Is 1*(-1888 + -6)*1/(-2) a prime number?
True
Suppose 2*d - 7*d + 15 = 0. Suppose -45*n + 31*n = 31*n - 325710. Suppose -139 = -d*b + n. Is b a prime number?
True
Suppose -5*v = -w - 25, 4*w = v - 19 - 5. Suppose -3*x - 2 = -v*x - z, -5*x + 22 = z. Is (0 - x - -1743) + 3 prime?
True
Let z = 25 + 345. Let u = 4513 + z. Is u composite?
True
Suppose -75*p = 86*p + 19*p - 19632420. Is p a prime number?
False
Let f be (-384 - -1)*-22 + 5. Suppose 1446*y - f = 1445*y. Is y a prime number?
True
Suppose 75600 = 2*k + f, 229*k + 5*f = 233*k - 151186. Is k composite?
False
Suppose -8*r + 26 + 14 = 0. Suppose 5*a - 6*a + 2*b = -3036, 3*b = -r*a + 15115. Suppose -a = -8*z + 6*z + 4*p, z - 5*p - 1516 = 0. Is z composite?
False
Let i = -37647 + 88294. Is i composite?
False
Let c(w) = -99895*w + 2637. Is c(-10) prime?
True
Let d(z) = 1554*z + 10229. Is d(143) a prime number?
True
Let c = 130262 - 34645. Is c a prime number?
True
Let d(g) = 195175*g + 85. Let z be d(-7). Is (2 + 5/(-2))/(30/z) prime?
True
Let t(f) = 51*f**2 + 39*f + 13. Let z be t(-11). Suppose -1151 = -c - l, 0*c - 5*c = -5*l - z. Is c a composite number?
False
Suppose -3*v + 124000 = -s, -44*v = -48*v - 4*s + 165328. Is v a composite number?
False
Suppose -3*l = l - 16. Suppose -2*m - r - 5 = l*r, 2*r = 2*m - 16. Suppose s - 3*s - 2*v + 1028 = 0, 0 = 3*s + m*v - 1552. Is s prime?
True
Is (9/(-12))/((-41621256)/(-2774752) + -15) prime?
True
Is (6 - (-622265)/138)*(66 + 0/2) a prime number?
False
Suppose s = -2*o + 11773, -39633 = -5*s + 3*o + 19258. Is s prime?
True
Let b(y) = 21*y - 6. Suppose 6 = 2*t - 0. Let a be b(t). Suppose 5*m - 98 = a. Is m composite?
False
Suppose -137*u + 157981 = -120*u. Is u a prime number?
True
Let j be 5*(-9)/(-15) - 6703*-1. Let p be (-1)/((-6708)/j + 1). Let v = 6742 - p. Is v prime?
True
Let c(d) be the third derivative of 161*d**5/60 - 7*d**4/4 + 3*d**3/2 + 144*d**2. Is c(4) a prime number?
True
Let q(w) = 64708*w**2 - 218*w + 1289. Is q(6) a composite number?
False
Let c = 14283 - -99134. Is c a prime number?
True
Let y(f) = -f**2 - 5*f + 2. Let q be y(-3). Suppose 0 = 35*r + 5*r - 320. Is (r + -4)*3274/q a prime number?
True
Suppose 2*z = -8, -4*z + 0 = 3*l + 1. Suppose -3*u - 2*b + 11796 = 2793, -l*b = -15. Is u a composite number?
False
Let i(t) = 359*t**2 + 20*t - 70. Let w be i(4). Suppose b - 7*b + w = 0. Is b composite?
True
Let g = 2667 + 15. Let n = g + -29. Is n a prime number?
False
Let q(t) = -20*t + 39. Let r = 180 + -197. Is q(r) a prime number?
True
Suppose 11*c = 16*c - 200. Let d be (16/c)/((-1)/(-105)). Suppose 0 = 38*p - d*p + 2348. Is p composite?
False
Let n(c) = c**3 - 4*c**2 + c + 1. Let x = -53 + 56. L